Let u(b) = -8*b**2 - 276*b - 140. Calculate u(-34).
-4
Let d(h) = -h**2 + 30*h - 92. What is d(12)?
124
Let g(a) = 13*a**2 - 68*a - 181. Calculate g(-3).
140
Let y(u) = 87*u - 2. Calculate y(-1).
-89
Let y(l) = -2*l**2 - 58*l - 332. What is y(-8)?
4
Let p(y) = -958*y - 14367. What is p(-15)?
3
Let i(x) = -x**3 - 7*x**2 - 8*x + 10. Give i(-5).
0
Let j(o) = o**2 + 107*o + 1306. Determine j(-14).
4
Let z(l) = 14*l + 307. Calculate z(-25).
-43
Let t(s) = s**2 + 6*s - 116. Determine t(13).
131
Let y(m) = -996*m + 15939. Calculate y(16).
3
Let h(x) = 19*x + 517. What is h(28)?
1049
Let y(i) = 3*i**2 - 33*i - 274. Give y(17).
32
Let z(c) = -c**3 + 3*c**2 + 3*c + 23. Determine z(3).
32
Let k(q) = -2*q**2 - 11*q + 4. What is k(-5)?
9
Let f(t) = -36118*t + 108363. What is f(3)?
9
Let n(f) = 8*f - 264. Give n(24).
-72
Let n(i) = -1209*i - 14513. Determine n(-12).
-5
Let s(x) = 256*x + 513. Determine s(-2).
1
Let y(z) = -z**3 - 5*z**2 + 147*z + 849. Determine y(-6).
3
Let m(u) = 97*u**2 + 600*u + 81. Calculate m(-6).
-27
Let b(a) = -a**3 - 13*a**2 - 20*a - 117. What is b(-12)?
-21
Let l(b) = 1199*b - 285355. What is l(238)?
7
Let q(g) = -345*g + 35. Calculate q(1).
-310
Let o(u) = -92*u - 572. Calculate o(-6).
-20
Let z(x) = -3*x**2 - 260*x - 5610. Give z(-42).
18
Let g(p) = -2*p**3 - 48*p**2 + 29*p + 685. What is g(-24)?
-11
Let j(n) = -n**2 - 183*n - 5621. Calculate j(-144).
-5
Let k(d) = 15*d**3 - 191*d**2 - 25*d + 30. Give k(13).
381
Let o(d) = -50*d + 874. Give o(20).
-126
Let a(w) = -29*w + 51. Calculate a(3).
-36
Let v(r) = 514*r - 32380. Determine v(63).
2
Let i(a) = -a**3 + 15*a**2 + 41*a + 239. Give i(18).
5
Let g(p) = 748*p + 120424. Determine g(-161).
-4
Let l(a) = -251*a + 177. Calculate l(1).
-74
Let f(r) = -2*r**3 - 51*r**2 - 3*r - 14. Calculate f(0).
-14
Let z(r) = -86*r**2 + 1203*r - 1. What is z(14)?
-15
Let u(y) = y**3 + 50*y**2 - 43*y + 154. Give u(-51).
-254
Let x(w) = 111*w - 1657. What is x(15)?
8
Let o(h) = h**3 - 3*h**2 - 3*h + 9. What is o(3)?
0
Let w(h) = 430*h - 2992. Calculate w(7).
18
Let o(q) = q**2 - 38*q - 40. What is o(-1)?
-1
Let m(z) = 14*z + 143. Give m(8).
255
Let v(f) = f**3 - 24*f**2 + f + 269. Give v(24).
293
Let p(a) = 2*a**2 - 36*a + 25. What is p(-4)?
201
Let b(t) = -43*t - 206. Give b(-7).
95
Let d(o) = -23*o**2 + 28*o + 131. What is d(3)?
8
Let b(n) = 339*n**2 + 331*n - 2. What is b(-1)?
6
Let z(h) = -22*h**2 + 437*h - 23. Give z(20).
-83
Let p(w) = 69*w**2 + 19859*w - 3743. Determine p(-288).
1
Let j(m) = -m**3 + 32*m**2 - 2*m + 3. Determine j(32).
-61
Let h(n) = -n**3 - 4*n**2 + 11*n - 3. Calculate h(-6).
3
Let h(c) = -c**3 - 25*c**2 - 23*c + 18. Determine h(-24).
-6
Let c(q) = 652*q - 5275. Give c(8).
-59
Let t(h) = h**3 - 13*h**2 + 10*h. Calculate t(12).
-24
Let r(z) = -z**3 - 15*z**2 - 9*z + 49. Determine r(-14).
-21
Let i(d) = -1427*d + 64215. What is i(45)?
0
Let f(z) = -2*z**2 + 149*z - 960. Determine f(68).
-76
Let y(j) = j**3 + 36*j**2 + 59*j - 88. Give y(-34).
218
Let f(k) = -k**2 + 67*k + 208. What is f(-3)?
-2
Let s(q) = 22*q - 634. Give s(38).
202
Let v(h) = -522*h + 6280. What is v(12)?
16
Let m(l) = -l**2 - 7*l + 18. Determine m(-7).
18
Let s(n) = 36*n**2 - 182*n - 4. Give s(5).
-14
Let h(z) = -z**3 - 4*z**2 - 2*z + 29. What is h(2)?
1
Let f(q) = -q**2 + 10*q + 282. Determine f(19).
111
Let q(h) = -h**2 - 11269*h + 56370. Give q(5).
0
Let t(p) = 2*p**2 - 14*p - 1. Determine t(19).
455
Let i(n) = -412*n + 62210. Give i(151).
-2
Let a(d) = 593*d - 4123. Calculate a(7).
28
Let n(k) = -18*k**2 + 490*k - 53. What is n(27)?
55
Let k(r) = -36*r - 137. Determine k(-4).
7
Let w(y) = -6*y**2 - 10*y + 20. What is w(4)?
-116
Let h(t) = 7*t**3 + 13*t**2 + 2*t - 4. Determine h(-3).
-82
Let y(f) = 71*f - 8409. Calculate y(119).
40
Let z(v) = -189*v + 7334. What is z(39)?
-37
Let p(u) = u**2 + 23*u + 23. What is p(-4)?
-53
Let b(m) = 557*m + 1793. Calculate b(-4).
-435
Let r(l) = l**3 - 135*l**2 - 1298*l + 274. What is r(144)?
-14
Let i(y) = y**2 - 358*y - 1798. Give i(-5).
17
Let r(c) = -2*c**2 + 14*c + 680. What is r(22)?
20
Let u(r) = 94*r - 1310. What is u(15)?
100
Let i(o) = 84*o - 5085. Determine i(61).
39
Let w(g) = 64*g + 325. Give w(-5).
5
Let l(a) = a**3 - 17*a**2 - 14*a - 147. Give l(18).
-75
Let f(v) = 188*v + 2648. Give f(-15).
-172
Let q(a) = -34*a - 568. Determine q(-10).
-228
Let z(o) = o**2 + 15*o + 23. Determine z(-2).
-3
Let r(q) = -5*q - 30. What is r(3)?
-45
Let h(a) = a**3 - 73*a**2 + 215*a - 73. Calculate h(70).
277
Let z(f) = 472*f**2 + 7*f - 7. Determine z(1).
472
Let i(m) = m + 62. Give i(9).
71
Let j(u) = 2*u + 100. What is j(-7)?
86
Let f(b) = -b**2 + 36*b - 61. What is f(34)?
7
Let p(j) = j**2 - 246*j - 5326. Determine p(-20).
-6
Let s(p) = p**3 + 10*p**2 - p + 118. Calculate s(-11).
8
Let u(d) = -149*d - 445. Give u(-3).
2
Let r(z) = -7*z**3 + 6*z**2 - 11*z - 2. Give r(2).
-56
Let o(u) = 9*u**3 - 5*u**2 + u. What is o(3)?
201
Let q(s) = 5154*s**2 - 20612*s - 6. Determine q(4).
10
Let z(v) = v**3 - 44*v**2 + 262*v - 20. Determine z(7).
1
Let o(z) = -2951*z + 61984. Determine o(21).
13
Let o(c) = -2*c**2 + 57*c + 293. Determine o(-6).
-121
Let x(j) = 4*j**2 - 430*j + 371. Calculate x(107).
157
Let a(n) = -407*n + 14655. What is a(36)?
3
Let f(g) = -2*g**2 + 560*g - 3821. Calculate f(7).
1
Let a(r) = -2*r**3 + r**2 + 29*r - 22. What is a(0)?
-22
Let j(g) = -2*g**2 - 12*g + 1552. Calculate j(25).
2
Let a(t) = t**3 + 7*t**2 - 9*t - 6. Give a(-8).
2
Let o(c) = 31*c**3 + c**2 + 2*c + 2. What is o(-1)?
-30
Let g(h) = h**2 + 4395*h + 5. What is g(0)?
5
Let a(k) = -156*k**2 + 1089*k + 2. Determine a(7).
-19
Let v(h) = -h**2 + 12*h + 189. Calculate v(21).
0
Let j(y) = 6*y - 15. Give j(3).
3
Let x(r) = r**2 - 31*r + 224. Calculate x(11).
4
Let s(o) = -8*o**2 - 406*o + 950. What is s(-53)?
-4
Let s(u) = 3*u**3 - 419*u**2 + 1493*u + 399. Give s(136).
-9
Let n(l) = 4*l**3 + 5*l**2 + 13*l + 29. Give n(-3).
-73
Let t(f) = -323*f + 1537. What is t(4)?
245
Let s(b) = 26*b**3 - 2*b**2 - 5*b - 6. What is s(-2)?
-212
Let b(p) = -p**2 + 231*p - 3646. Calculate b(17).
-8
Let n(t) = 28*t - 158. Calculate n(6).
10
Let m(o) = -71*o - 953. Calculate m(-13).
-30
Let v(g) = 15*g - 485. What is v(32)?
-5
Let d(s) = s**3 + 70*s**2 + 1172*s - 106. Give d(-28).
6
Let m(j) = -j**3 + 6*j**2 - 13*j + 28. Determine m(3).
16
Let v(b) = -b**3 - 6*b**2 - 29*b - 233. Give v(-7).
19
Let g(p) = -19*p**2 + 128*p + 170. Calculate g(8).
-22
Let f(u) = -u + 59. Give f(2).
57
Let d(z) = z**3 - 31*z**2 + 29*z + 50. Determine d(30).
20
Let t(q) = q**3 - 28*q**2 - 2507*q - 83. Calculate t(66).
-17
Let f(p) = 3*p**2 - 97*p + 87. Determine f(32).
55
Let l(h) = h**3 + 10*h**2 - 26*h - 68. Calculate l(-7).
261
Let j(d) = 3781*d + 11344. Determine j(-3).
1
Let z(q) = 27*q + 17. Determine z(0).
17
Let p(g) = -7*g**2 + 40*g + 4. What is p(4)?
52
Let o(c) = -78*c**2 + 445*c - 9. Give o(6).
-147
Let v(d) = -52*d - 858. Give v(-16).
-26
Let n(m) = m**2 + 29*m - 169. Calculate n(-35).
41
Let k(m) = 14*m**2 + 15*m - 8. Calculate k(2).
78
Let b(h) = h**3 + 30*h**2 + 13*h + 325. Calculate b(-30).
-65
Let w(g) = 40*g - 45. Determine w(4).
115
Let f(l) = -l**2 - 244*l - 3864. Determine f(-17).
-5
Let z(y) = -12*y + 270. What is z(20)?
30
Let g(a) = 6*a**2 - 28*a + 17. Determine g(3).
-13
Let x(p) = p**3 + 16*p**2 + 34*p - 21. Calculate x(-6).
135
Let q(n) = n**3 + 50*n**2 - 162*n - 162. What is q(-53)?
-3
Let h(m) = m**2 + 8*m - 226. What is h(-21)?
47
Let q(r) = -r**3 + 6*r**2 - 10*r + 10. Calculate q(5).
-15
Let y(q) = -23*q**2 - 125*q + 271. What is y(-7)?
19
Let i(f) = -5*f**2 + 98*f - 75. Determine i(19).
-18
Let a(h) = -2*h**2 - 22*h + 3736. Calculate a(-49).
12
Let g(x) = -10*x + 44. What is g(1)?
34
Let c(w) = w**2 + 57*w - 1433. Calculate c(19).
11
Let i(j) = 751*j - 2996. Determine i(4).
8
Let d(t) = t**2 + 13*t + 84. Calculate d(-11).
62
Let r(l) = 604*l + 12077. What is r(-20)?
-3
Let h(i) = 495*i - 2464. Give h(5).
11
Let v(w) = -w**3 - 11*w**2 - 13*w + 38. Calculate v(-9).
-7
Let r(p) = 489*p - 9253. Calculate r(19).
38
Let p(s) = -191*s + 376. What is p(2)?
-6
Let o(a) = a**2 + 83*a + 436. Calculate o(-6).
-26
Let n(f) = 521*f - 7806. Calculate n(15).
9
Let l(k) = 19*k + 237. Determine l(-13).
-10
Let g(n) = -27*n + 164. Determ